actors of 218549821.
7, 31221403
What are the prime factors of 64762037?
7253, 8929
What are the prime factors of 6593344?
2, 71, 1451
What are the prime factors of 1034072792?
2, 129259099
List the prime factors of 5317201.
1193, 4457
List the prime factors of 74681895.
3, 5, 109, 45677
What are the prime factors of 2815819835?
5, 563163967
What are the prime factors of 950941547?
9887, 96181
List the prime factors of 260325294.
2, 3, 53, 223, 3671
List the prime factors of 393436318.
2, 11, 37, 483337
What are the prime factors of 1572922446?
2, 3, 53, 613, 8069
What are the prime factors of 1486464768?
2, 3, 17, 37951
What are the prime factors of 97787060?
2, 5, 7, 17, 181, 227
List the prime factors of 2170120.
2, 5, 227, 239
List the prime factors of 1166882548.
2, 13, 22440049
List the prime factors of 16877991.
3, 13, 17, 25457
List the prime factors of 49302127.
7, 7043161
What are the prime factors of 25780157?
13, 37, 53597
List the prime factors of 789551574.
2, 3, 7, 19, 89, 11117
What are the prime factors of 128435026?
2, 29, 103, 21499
What are the prime factors of 206245440?
2, 3, 5, 73, 109
What are the prime factors of 1591296838?
2, 41, 19406059
What are the prime factors of 912248714?
2, 13, 35086489
List the prime factors of 22298688.
2, 3, 38713
List the prime factors of 8554924595.
5, 7, 2351, 103967
List the prime factors of 965919354.
2, 3, 160986559
What are the prime factors of 2035143117?
3, 7, 17, 41, 2207
List the prime factors of 337925099.
17, 619, 1889
What are the prime factors of 3276583928?
2, 1151, 355841
What are the prime factors of 1480926373?
59, 449, 55903
List the prime factors of 334169.
11, 17, 1787
What are the prime factors of 2823439323?
3, 73, 751, 17167
What are the prime factors of 9392974?
2, 4696487
List the prime factors of 125624590.
2, 5, 7, 13, 127, 1087
List the prime factors of 616770906.
2, 3, 102795151
What are the prime factors of 30149150?
2, 5, 602983
List the prime factors of 540134220.
2, 3, 5, 751, 11987
What are the prime factors of 54097671?
3, 89, 202613
List the prime factors of 245784342.
2, 3, 19, 193, 11171
What are the prime factors of 1495563570?
2, 3, 5, 443, 37511
What are the prime factors of 16691767?
23, 53, 13693
List the prime factors of 202233494.
2, 101116747
List the prime factors of 219415187.
3049, 71963
List the prime factors of 1431559700.
2, 5, 14315597
List the prime factors of 43196824.
2, 11, 331, 1483
List the prime factors of 31470128.
2, 17, 37, 53, 59
What are the prime factors of 1000700276?
2, 250175069
What are the prime factors of 2853621?
3, 313, 1013
List the prime factors of 39646377.
3, 4405153
What are the prime factors of 88521106?
2, 373, 118661
What are the prime factors of 150339025?
5, 6013561
List the prime factors of 115019593.
13, 53, 97, 1721
What are the prime factors of 85651511?
11, 313, 24877
List the prime factors of 315354383.
1993, 158231
List the prime factors of 394885798.
2, 197442899
What are the prime factors of 141591037?
7, 53, 54521
What are the prime factors of 318217992?
2, 3, 13259083
List the prime factors of 4498988766.
2, 3, 17, 1187, 37159
What are the prime factors of 604232921?
17, 35543113
List the prime factors of 608249185.
5, 19, 571, 11213
List the prime factors of 48540286.
2, 71, 79, 4327
List the prime factors of 56066522.
2, 191, 317, 463
List the prime factors of 413501334.
2, 3, 163, 422803
What are the prime factors of 752667230?
2, 5, 7, 73, 147293
List the prime factors of 140241336.
2, 3, 5843389
What are the prime factors of 557113851?
3, 7, 17, 571, 911
List the prime factors of 90752000.
2, 5, 709
List the prime factors of 1467100278.
2, 3, 7, 1663379
List the prime factors of 170307835.
5, 34061567
What are the prime factors of 30492139?
30492139
List the prime factors of 15099807.
3, 29, 173561
List the prime factors of 120125570.
2, 5, 17, 706621
List the prime factors of 1740676559.
1740676559
What are the prime factors of 1022844522?
2, 3, 7, 701, 709
List the prime factors of 1730305983.
3, 7, 2027, 5807
What are the prime factors of 259178847?
3, 67, 1289447
What are the prime factors of 278041442?
2, 7, 641, 30983
List the prime factors of 494125972.
2, 37, 3338689
What are the prime factors of 76938057?
3, 7, 1221239
List the prime factors of 4228086080.
2, 5, 743, 17783
List the prime factors of 2245330072.
2, 8597, 32647
List the prime factors of 59186844.
2, 3, 1644079
What are the prime factors of 194287970?
2, 5, 19428797
List the prime factors of 41220541.
71, 79, 7349
What are the prime factors of 2831945444?
2, 707986361
List the prime factors of 21878928.
2, 3, 151937
List the prime factors of 23356932.
2, 3, 47, 41413
What are the prime factors of 8055708933?
3, 127, 877, 24109
List the prime factors of 564671175.
3, 5, 7528949
List the prime factors of 2957476018.
2, 7, 13763, 15349
What are the prime factors of 39028720?
2, 5, 41, 73, 163
What are the prime factors of 434737356?
2, 3, 269, 134677
List the prime factors of 233189504.
2, 863, 2111
List the prime factors of 6832919722.
2, 37, 83, 331, 3361
What are the prime factors of 117465936?
2, 3, 7, 49943
What are the prime factors of 378062651?
378062651
List the prime factors of 62980455.
3, 5, 937, 4481
What are the prime factors of 169844000?
2, 5, 42461
List the prime factors of 4324556158.
2, 13, 59, 2819137
What are the prime factors of 871683395?
5, 11, 1440799
List the prime factors of 3482385919.
71, 409, 119921
What are the prime factors of 1909941748?
2, 11, 13, 71, 131, 359
List the prime factors of 249137272.
2, 19, 1639061
List the prime factors of 46107882.
2, 3, 2561549
What are the prime factors of 9484099?
37, 137, 1871
List the prime factors of 164258736.
2, 3, 3422057
List the prime factors of 43077475.
5, 7, 71, 3467
What are the prime factors of 1877276864?
2, 29332451
What are the prime factors of 186369969?
3, 41, 191, 7933
List the prime factors of 1674898288.
2, 7, 14954449
What are the prime factors of 1648250087?
11, 167, 897251
List the prime factors of 508128510.
2, 3, 5, 16937617
List the prime factors of 143979484.
2, 11, 1399, 2339
What are the prime factors of 7146069546?
2, 3, 7, 11, 28697
List the prime factors of 23283912.
2, 3, 23, 42181
List the prime factors of 1010006574.
2, 3, 168334429
What are the prime factors of 44063610?
2, 3, 5, 281, 5227
What are the prime factors of 4762061976?
2, 3, 7, 28345607
What are the prime factors of 1995600522?
2, 3, 17, 2131, 9181
List the prime factors of 53440758.
2, 3, 7, 17, 61, 409
What are the prime factors of 695973522?
2, 3, 61, 1901567
What are the prime factors of 123043949?
7, 2511101
What are the prime factors of 4430230616?
2, 7, 907, 87223
What are the prime factors of 8137672?
2, 1017209
What are the prime factors of 1137007648?
2, 7, 5075927
What are the prime factors of 445166768?
2, 1361, 20443
What are the prime factors of 1076626941?
3, 13, 23, 1200253
List the prime factors of 1697489396.
2, 7993, 53093
List the prime factors of 409491052.
2, 2243, 45641
What are the prime factors of 7335271?
2153, 3407
What are the prime factors of 15437396?
2, 13, 29, 353
List the prime factors of 48140178.
2, 3, 8023363
List the prime factors of 52591184.
2, 59, 55711
What are the prime factors of 6747685085?
5, 41, 499, 65963
What are the prime factors of 171004123?
19, 9000217
List the prime factors of 109066612.
2, 19, 563, 2549
What are the prime factors of 352563749?
541, 651689
What are the prime factors of 42911258?
2, 13, 607, 2719
List the prime factors of 1382973024.
2, 3, 14405969
List the prime factors of 2338936259.
11, 212630569
What are the prime factors of 3737767?
11, 103, 3299
List the prime factors of 5175618524.
2, 97, 13339223
List the prime factors of 152347031.
3797, 40123
What are the prime factors of 5238837435?
3, 5, 13, 26865833
What are the prime factors of 2109301411?
7, 23, 31, 422621
List the prime factors of 597949714.
2, 298974857
What are the prime factors of 55475429?
113, 199, 2467
List the prime factors of 337394476.
2, 19, 4439401
What are the prime factors of 6117190?
2, 5, 107, 5717
List the prime factors of 2509570011.
3, 13, 79, 814531
What are the prime factors of 223283153?
12637, 1